composite?
False
Is 30998699 prime?
True
Is 273149 composite?
False
Is 266351 composite?
False
Is 21147479 composite?
False
Is 4603663 prime?
False
Is 16658843 a composite number?
True
Is 10745341 composite?
True
Is 837337 composite?
True
Is 11706665 prime?
False
Is 2495047 a prime number?
True
Is 549893 a composite number?
True
Is 1456087 a prime number?
True
Is 4347137 a prime number?
True
Is 15107563 a prime number?
True
Is 185359378 a prime number?
False
Is 622981 prime?
False
Is 8762249 a prime number?
False
Is 84182941 composite?
False
Is 23089721 a composite number?
False
Is 1582521 prime?
False
Is 44827033 a composite number?
True
Is 64946279 composite?
False
Is 8387117 prime?
True
Is 2958773 a prime number?
True
Is 318809 a composite number?
False
Is 85729733 composite?
True
Is 346566413 prime?
False
Is 42575027 a prime number?
False
Is 67881523 a composite number?
False
Is 13847821 a composite number?
True
Is 33559103 a prime number?
True
Is 8531407 a prime number?
True
Is 930889 a prime number?
True
Is 25984537 a prime number?
True
Is 2924777 a composite number?
False
Is 16520887 a prime number?
False
Is 40427087 a composite number?
False
Is 32717231 a prime number?
False
Is 12867361 composite?
True
Is 31340051 a composite number?
False
Is 6968303 a prime number?
True
Is 1611289 composite?
False
Is 2503751 a composite number?
False
Is 32571163 a prime number?
True
Is 4548931 composite?
False
Is 1122887 a composite number?
False
Is 237809683 a composite number?
False
Is 84187931 a prime number?
True
Is 159840215 a prime number?
False
Is 97764533 composite?
False
Is 12001399 a composite number?
True
Is 5945801 prime?
False
Is 20967779 prime?
False
Is 39579373 prime?
True
Is 8377241 a composite number?
False
Is 4388971 a prime number?
True
Is 24674069 a composite number?
True
Is 8134613 composite?
False
Is 259000285 prime?
False
Is 9939077 a prime number?
False
Is 25347989 composite?
True
Is 1867981 composite?
True
Is 831769 prime?
True
Is 169652339 a composite number?
False
Is 614477 composite?
False
Is 173023043 a prime number?
False
Is 139392559 a prime number?
True
Is 12963811 prime?
False
Is 9094049 composite?
False
Is 229460567 a prime number?
False
Is 5202931 composite?
True
Is 7417819 a prime number?
False
Is 1231859 a composite number?
False
Is 42899 a composite number?
False
Is 17184421 a prime number?
True
Is 67667521 prime?
False
Is 101615 prime?
False
Is 80839817 a prime number?
True
Is 699339799 a prime number?
True
Is 6795821 composite?
False
Is 2716239 prime?
False
Is 7072601 prime?
True
Is 26479603 prime?
False
Is 704885 prime?
False
Is 5423459 composite?
True
Is 74966217 composite?
True
Is 9772381 prime?
False
Is 68001611 composite?
False
Is 16137829 a prime number?
True
Is 1252699321 prime?
True
Is 21273253 a prime number?
True
Is 15407697 composite?
True
Is 3437801 a prime number?
True
Is 217753 a prime number?
False
Is 6141977 prime?
True
Is 285766169 prime?
False
Is 62258413 a composite number?
True
Is 11345122 a composite number?
True
Is 108573029 prime?
True
Is 1440877 a composite number?
False
Is 278891213 a prime number?
False
Is 1466561 a composite number?
True
Is 46454833 a prime number?
False
Is 20790037 prime?
False
Is 153637439 composite?
True
Is 20494519 a prime number?
True
Is 449959031 composite?
False
Is 261819721 a prime number?
False
Is 7213391 prime?
True
Is 21678859 a composite number?
True
Is 8244939 composite?
True
Is 9871027 composite?
False
Is 5692279 a composite number?
False
Is 9867287 composite?
True
Is 837219 composite?
True
Is 14853374 composite?
True
Is 44422423 a prime number?
True
Is 1293271 a composite number?
True
Is 83673529 a prime number?
False
Is 10626503 a composite number?
True
Is 1901267 prime?
True
Is 1983583 a composite number?
True
Is 43251827 prime?
True
Is 165149 composite?
True
Is 15414131 a composite number?
True
Is 18332627 a composite number?
False
Is 5212561 composite?
False
Is 1168415 prime?
False
Is 1553651 a prime number?
False
Is 14364593 composite?
False
Is 41731751 prime?
True
Is 10087801 prime?
False
Is 185706471 a composite number?
True
Is 1469851 prime?
True
Is 657715 prime?
False
Is 161949691 a prime number?
True
Is 9109141 a prime number?
False
Is 535856339 a composite number?
True
Is 10143377 composite?
False
Is 423221 a composite number?
False
Is 5101363 a composite number?
False
Is 2112569 a composite number?
False
Is 790667 composite?
True
Is 43762393 prime?
True
Is 51313439 a prime number?
True
Is 1002685439 prime?
False
Is 190459 a composite number?
True
Is 1903411 prime?
False
Is 349903 prime?
True
Is 3918463 a composite number?
True
Is 111113329 composite?
False
Is 6643111 a composite number?
False
Is 34780511 a composite number?
False
Is 122033573 a prime number?
False
Is 27128083 composite?
False
Is 22561219 a prime number?
True
Is 6400019 a composite number?
False
Is 1200998327 composite?
False
Is 12895255 a prime number?
False
Is 8655809 composite?
False
Is 3306049 prime?
True
Is 171480017 a prime number?
False
Is 227673431 prime?
False
Is 123849701 prime?
False
Is 1093577 a prime number?
True
Is 1667563 a composite number?
True
Is 1886981 a composite number?
False
Is 3341567 prime?
False
Is 129054995 prime?
False
Is 798505 prime?
False
Is 911164327 prime?
True
Is 4824415 composite?
True
Is 4266253 prime?
True
Is 220017959 a composite number?
True
Is 124881089 composite?
True
Is 16255513 a composite number?
True
Is 99101 prime?
False
Is 1962379 a prime number?
True
Is 1464461 composite?
False
Is 6333181 prime?
True
Is 2966765 a prime number?
False
Is 10108177 composite?
False
Is 27564538 composite?
True
Is 8106157 a composite number?
False
Is 396810361 a composite number?
True
Is 916213 a composite number?
False
Is 66205 a prime number?
False
Is 7678007 a prime number?
False
Is 2731151 a prime number?
False
Is 7775517 a prime number?
False
Is 23727563 a prime number?
False
Is 58294253 composite?
True
Is 4091174 prime?
False
Is 12931511 composite?
True
Is 12690113 a composite number?
False
Is 172693491 a composite number?
True
Is 84206327 prime?
True
Is 920453 a prime number?
False
Is 51403 a composite number?
True
Is 17401 a composite number?
False
Is 460871 prime?
True
Is 5017013 composite?
True
Is 9634697 composite?
False
Is 14571773 prime?
True
Is 74755339 a prime number?
True
Is 111596038 a prime number?
False
Is 41818121 a prime number?
True
Is 36251987 prime?
True
Is 1060973997 prime?
False
Is 748463 prime?
True
Is 12711077 prime?
False
Is 196502699 a composite number?
True
Is 410203399 a prime number?
True
Is 32190667 prime?
False
Is 191316263 prime?
False
Is 67213603 prime?
True
Is 13964299 composite?
False
Is 17845143 a prime number?
False
Is 521518171 a composite number?
False
Is 35695967 a composite number?
False
Is 1405787 a composite number?
False
Is 57015391 prime?
True
Is 84368309 composite?
False
Is 2203339 a composite number?
True
Is 21098563 a composite number?
False
Is 68845871 a composite number?
True
Is 1327742083 composite?
True
Is 286729654 prime?
False
Is 707471 a composite number?
True
Is 2101627 a composite number?
True
Is 8232401 a prime number?
True
Is 115068211 a composite number?
True
Is 166219561 a composite number?
True
Is 209015189 composite?
False
Is 335435213 composite?
False
Is 3341483 a prime number?
True
Is 172001 prime?
True
Is 8480431 a composite number?
False
Is 2365813 a composite number?
True
Is 2325445 composite?
True
Is 12157687 a composite number?
True
Is 12743831 a composite number?
True
Is 31609403 a prime number?
False
Is 557920193 a prime number?
True
Is 4926917 prime?
False
Is 624509 composite?
False
Is 15339934 a prime number?
False
Is 325975439 composite?
True
Is 2947843 a composite number?
False
Is 626437 composite?
True
Is 9235689 composite?
True
Is 28255001 a prime number?
True
Is 9168499 a composite number?
False
Is 45143341 composite?
False
Is 12647773 a composite number?
True
Is 32635357 a prime number?
True
Is 63328697 prime?
True
Is 10846447 a prime number?
False
Is 12248785 a prime number?
False
Is 21706157 a prime number?
False
Is 17033101 composite?
True
Is 2018827 a composite number?
False
Is 67992721 a prime number?
False
Is 36757999 a prime number?
True
Is 11716879 composit